5*t(l). Give p(1).
5
Suppose 3*k + 2*v = -2*v - 8, 3*k - 32 = 4*v. Suppose -h + 26 = h - k*o, h + o = 1. Let s(r) = -r + 5. Give s(h).
0
Let c(m) = -m**2 - 10*m - 6. Let s(r) = 3*r**2 + 29*r + 17. Let b(u) = -11*c(u) - 4*s(u). Give b(-5).
3
Let y = 50 - 51. Suppose 0 = 2*x + 3*x - 5. Let r(b) = x - 6*b**2 + 1 - 1 + b + 4*b**2. Determine r(y).
-2
Let w be 5 - 4 - (2 - 1). Suppose -v = -4*z + 15, w*v - 21 = -3*z + 4*v. Let m(j) = j**3 - 5*j**2 + 4*j - 2. Give m(z).
-8
Suppose -6801*m = -6810*m + 189. Let b(r) = r**3 - 21*r**2 - 2*r + 39. Determine b(m).
-3
Let s(x) = x**2 + 1 + 5 - 3 - 4. Let t be s(2). Suppose 3*j = -0*j + t. Let a(z) = -7*z**3 + z. What is a(j)?
-6
Suppose 2*z - 104*l - 11 = -105*l, -5*z - 3*l = -26. Let k(n) = 6 + 2*n + 6*n**2 + 0*n - n**3 + 3*n. What is k(z)?
-8
Let l(w) be the first derivative of w**4/12 - 2*w**3/3 - 2*w - 2. Let v(h) be the first derivative of l(h). Let n be 8/16*(-28)/(-7). Determine v(n).
-4
Let b(q) = -q - 11. Suppose -33 = 4*s - 3*k, 2 = -4*s - 4*k - 38. Calculate b(s).
-2
Let g(m) = -3*m**3 - 12*m**2 - 8*m - 4. Let y(a) = 7*a**3 + 27*a**2 + 17*a + 7. Let k(q) = 5*g(q) + 2*y(q). Let v be -6 + (-3 - -6) + -2. What is k(v)?
-1
Let k = 145 - 138. Let x(c) = -c + 3. Determine x(k).
-4
Let n(r) = r**2 - r + 34. Suppose -13*p + 9*p + 2 = -b, 4 = -4*p - 2*b. What is n(p)?
34
Let t(s) = -49*s**2 - 9 + 50*s**2 - 2 - 7*s + 0*s. Give t(7).
-11
Let p(y) = 8*y + 2. Suppose -9*j - 26 - 1 = 0. Calculate p(j).
-22
Let n(l) be the second derivative of 1/20*l**5 - 2*l**2 + 0 + 6*l + l**3 + 2/3*l**4. Give n(-7).
3
Let o(h) be the third derivative of h**5/60 + h**4/4 + 2*h**3 + 3*h**2 + h. Calculate o(-8).
28
Let f(y) be the first derivative of y**4/4 - 5*y**3/3 + 20*y + 766. Determine f(4).
4
Let f(h) = -h**3 - 5*h**2 + h - 2. Let a = 127 + -132. Calculate f(a).
-7
Let z(q) = 3*q**3 - 8*q**2 - 35*q + 32. Let p(o) = 2*o**3 - 5*o**2 - 22*o + 21. Let h(a) = -8*p(a) + 5*z(a). Give h(0).
-8
Let n be (2/((-40)/285))/((-6)/32). Let i(q) = -2*q**3 - 2*q**3 + 78*q + q**2 + 1 - n*q. Determine i(-1).
4
Let y(l) = 6*l**2 + l. Let x = -20 + 14. Let z(r) = -r**3 - 6*r**2 + 3. Let u be z(x). Suppose 2*d - 1 = u*d. Determine y(d).
5
Let a(m) = -6*m - 2. Let f(o) = -o + 15. Let z be f(14). Give a(z).
-8
Let o(s) = 4*s**2 - 3*s. Let a(c) = -c**3 - c**2 + 10*c - 5. Let v be a(-4). Calculate o(v).
27
Let l(d) = d**2 + 4*d - 3. Let b be 30/(-75) + 37/5. Let q = -4 + b. Give l(q).
18
Let i(r) = 186*r**3 + 2*r + 7 + 6*r**2 - 364*r**3 + 179*r**3. Calculate i(-5).
22
Let a = 1370 - 1375. Let h(f) = f + 7. What is h(a)?
2
Let x(p) = 2*p**2 - 2 - 4*p + 0 - 3*p**2. Suppose -12*n - 31*n = 129. Determine x(n).
1
Let h be (-2)/8 + 7/(-4). Let p(n) = 36*n + 0*n**2 + n**2 - 3*n**2 - 38*n. Let a be p(h). Let g(v) = -v**3 - 3*v**2 + 4*v. Determine g(a).
0
Let j(o) = -2*o - 28. Let i be j(-15). Suppose 0*l - 4*l - i*d + 36 = 0, -l + 4*d = 0. Let z(s) = -s + 8. Calculate z(l).
0
Let k(r) be the first derivative of -1/60*r**5 + 1/6*r**3 - 9/2*r**2 + 0*r**4 - 10 + 0*r. Let b(t) be the second derivative of k(t). Determine b(0).
1
Let w(h) = 6*h - 4*h - 80 + 77. Let x(m) = -m**2 + 0*m + m**3 + m**2 + 3 + 3*m**2 + 2*m. Let k be x(-2). Give w(k).
3
Suppose -2*r + 2 = -4*u, 11 = 4*r - u - 28. Let g(f) = f**2 - 12*f + 11. Let z be g(r). Suppose b + b = z. Let i(h) = -h**3 + h**2 + h - 13. Calculate i(b).
-13
Suppose 4 = s + s. Let k(b) = 8*b - 6*b - 1 + 0 - 15*b**2 + 13*b**s. What is k(3)?
-13
Let q(t) be the second derivative of 18*t + 0*t**2 - 2/3*t**3 + 0. Suppose 2*c - 5*x = 7, -c + x = -0*c - 2. Calculate q(c).
-4
Let z(g) = 2*g**2 - g. Let y(w) = 11*w**2 - 2*w. Let v(k) = -y(k) + 3*z(k). What is v(1)?
-6
Let s(n) = -7*n + 3. Let r(b) = 2*b**3 + 23*b**2 + 10*b - 7. Let f be r(-11). Determine s(f).
-25
Suppose -4*p + 6 = g - 6, 24 = 2*g + 3*p. Let t(a) = 8*a - 23*a + 0*a + 3*a + a**2 + g. What is t(11)?
1
Let b(x) = x**2 - 6*x - 12. Let u be b(-2). Let f(h) = -9*h + 3*h + 9*h - 4 - 4. Calculate f(u).
4
Let n(m) = -14*m**2 - 2*m + m**3 - 11*m**2 + 20*m**2 - 26 + 33 - 5*m. What is n(6)?
1
Let w(f) = 12 - 8*f**2 + f + 8*f**2 + f**2. Suppose -5*g + 3*c + 15 = -0*c, -2*g - 3*c = 15. Calculate w(g).
12
Let v(j) = -3*j**2 + 5*j + 9. Let x be v(3). Let c(m) = 7*m. Let i(z) = z. Let n be i(7). Let d(g) = 13*g + 1. Let w(q) = n*c(q) - 4*d(q). Give w(x).
5
Let v(o) be the first derivative of 7*o**3/6 + 2*o**2 - 16*o - 15. Let x(q) be the first derivative of v(q). Give x(-3).
-17
Let g = 95 - 87. Suppose 0 = 6*b - 4*b - g. Let p(n) = -n**3 + 4*n**2 - 3*n + 2. Calculate p(b).
-10
Suppose 4*v + 0*v - 4*d - 160 = 0, -4*v + 124 = 5*d. Suppose -v = -12*k + 16*k. Let o(n) = -n**2 - 9*n - 12. What is o(k)?
-12
Let j(i) be the first derivative of i**2 - 7*i**2 + 3*i**2 - i + 20. Give j(-1).
5
Let g(y) = 1 - 870*y + 3 + 872*y + 0. Calculate g(3).
10
Let v(i) = -i**2 + 8*i - 8. Let o(b) = -b**2 - 4*b + 4. Let m be o(-5). Let h(f) = -10*f - 4. Let t be h(m). Give v(t).
4
Suppose 20 = -4*j, 0 = 5*u - 3*j - 6 - 14. Let d(z) be the first derivative of -7 - 8/3*z**3 - 1/2*z**2 + 0*z. What is d(u)?
-9
Let f(o) be the third derivative of o**6/120 + o**5/15 - o**4/12 - o**3/6 - 106*o**2. Determine f(-4).
7
Let x(o) = -3*o**2 - 21*o + 2. Let j = 1572 + -1579. Calculate x(j).
2
Let c(w) be the third derivative of w**4/12 + 7*w**3/3 - 3*w**2 - 22. Determine c(-10).
-6
Let i(s) = -21 + 6*s - 48 - 14 - 9*s. Determine i(-29).
4
Let h(w) be the second derivative of w**4/12 - w**3/2 - 6*w**2 - 92*w + 1. Give h(5).
-2
Let a(f) = -f**2 - 2*f - 1. Suppose -4*d = -3*x + 2*x + 21, 4*x = 3*d + 19. Let i be 1*(x + -7) - -3. Determine a(i).
-4
Suppose 308*j + 49 = 315*j. Let k(b) = -b**3 + 7*b**2 - b + 3. Calculate k(j).
-4
Let a be (1 - 11)/((-6)/(-2) + -1). Let g(w) = -w**3 - 6*w**2 - 5*w - 4. Let o be g(a). Let i(n) = -n**3 - 3*n**2 + 3*n - 1. Give i(o).
3
Let j(x) = -2*x**2 + 11*x - 7. Let n be j(5). Let a(l) = -2*l**3 + 2*l**2 - 2*l - 1. Calculate a(n).
27
Let o(v) = -v**2 - 8*v - 2. Suppose 18*f = 8*f - 80. Give o(f).
-2
Let r be (-1)/((-5 + 4)*(-2)/(-166)). Let b = 81 - r. Let h(a) = 2*a**2 + 3*a + 3. Calculate h(b).
5
Let t be ((-3)/4)/(3/(-16)). Let w(p) = -3*p**3 + 5*p + 1. Let v(a) = -a**3 + a**2 + 2*a. Let z(d) = 4*v(d) - w(d). Calculate z(t).
11
Let m(s) = -5*s**3 - 8*s**2 + 10*s + 2. Let j(y) = 6*y**3 + 9*y**2 - 11*y - 1. Let d(o) = 4*j(o) + 5*m(o). Determine d(-4).
-18
Let m(c) = -c - 8. Let l(i) = -i**3 + 14*i**2 - 11*i - 38. Let x be l(13). What is m(x)?
4
Let h(k) = -12*k + 12 + 3*k**2 - 5*k**2 + k**2 + 2*k**2. Calculate h(9).
-15
Let q(f) = -6*f**2 - f**3 - 7*f + 6 - 6. Let x(w) = -5*w**2 + 13*w - 13. Let c be x(1). Calculate q(c).
10
Let w be 2/2*(9 - 3) + -4. Let z(a) = -188 + 188 + w*a. What is z(1)?
2
Let n(o) = 2*o + 10. Let u(q) = -q - 5. Suppose 0 = 5*g + 3*c + 16, 2*g - 2*c + 3*c + 7 = 0. Let d(m) = g*u(m) - 3*n(m). Give d(0).
-5
Let b(i) = -2*i**3 + 11*i**2 + 15*i - 11. Let p(a) = -a**3 + 5*a**2 + 7*a - 5. Let t(k) = 6*b(k) - 13*p(k). Let l = -41 - -43. Give t(l).
9
Suppose -5*w - 9 = 1. Let f be (-3)/((12/(-3))/w - 1). Let l(n) = 3*n - 1. Give l(f).
-10
Let r = -2 + -4. Suppose -5 = -6*a + 5*a. Let n(y) = -6 + y**3 + 3*y**3 + 4*y - 3*y**3 - 2*y**3 - a*y**2. Calculate n(r).
6
Let z(b) = -b**3 - 2*b**2 + 5*b + 1. Suppose -88*s - 3 = -87*s. Give z(s).
-5
Let s(n) = 3*n - 5*n**2 + 0*n**3 + 2 - 5*n**3 + n**3 + 5*n**3. Let a(y) = -16*y + y**3 + 2 + 4*y - 10 + 2 + 3*y**2. Let h be a(-5). Determine s(h).
-2
Let y(v) = v**2 + 10*v + 4. Let p be y(-9). Let k be 1 - 1*(2 + -5). Let u(l) = -5*l + 3. Let m(a) = -4*a + 2. Let r(q) = k*m(q) - 3*u(q). Calculate r(p).
4
Let z be (-1 + -14)*2/(-5). Let m(i) = 2*i - 7 + i**2 + 16 - 10*i. Determine m(z).
-3
Let n(v) = -9 + v**3 + 124*v**2 - 4*v + 6 - 128*v**2. Calculate n(5).
2
Let d(q) = 7*q**3 - 6*q**2 - 8. Let x(t) = t**3 - 1. Let k(n) = -d(n) + 6*x(n). Let v(i) = -i**2 - 8*i - 2. Let p be v(-3). Let w = p + -7. Give k(w).
2
Let j = -9 - -3. Let q(z) = 5*z**2 - 3. Let c be q(-2). Let b(k) = 6*k - c - 18 + k**2 + 41. What is b(j)?
6
Let m(z) be the second derivative of z**4/12 - z**3/3 + z**2/2 + 14*z - 2. Suppose 0 = 3*i - 9, 2*i - 26 = -6*v + 2*v. Determine m(v).
16
Let w be ((-8)/(-24))/((-1)/(-6)). Let s(p) = -p**3 - 15 + 8*p**w - 8*p +